 457069?
7
What is the units digit of 47719?
9
What is the ten thousands digit of 6243465?
4
What is the thousands digit of 3715908?
5
What is the units digit of 509205?
5
What is the hundreds digit of 13454902?
9
What is the hundreds digit of 1026956?
9
What is the thousands digit of 449908?
9
What is the thousands digit of 485155?
5
What is the thousands digit of 147453?
7
What is the ten thousands digit of 12603885?
0
What is the millions digit of 12830484?
2
What is the units digit of 2299304?
4
What is the millions digit of 7130047?
7
What is the hundred thousands digit of 15872376?
8
What is the ten thousands digit of 7212008?
1
What is the tens digit of 1438761?
6
What is the hundreds digit of 36739?
7
What is the ten thousands digit of 59103?
5
What is the hundred thousands digit of 1546173?
5
What is the ten thousands digit of 952278?
5
What is the thousands digit of 162809?
2
What is the tens digit of 8272122?
2
What is the millions digit of 7692238?
7
What is the hundred thousands digit of 2460584?
4
What is the hundreds digit of 1074188?
1
What is the thousands digit of 423499?
3
What is the hundreds digit of 30635440?
4
What is the thousands digit of 111756?
1
What is the tens digit of 7611459?
5
What is the thousands digit of 1985839?
5
What is the thousands digit of 5042?
5
What is the ten thousands digit of 74251?
7
What is the hundreds digit of 145543?
5
What is the hundreds digit of 69098?
0
What is the tens digit of 700877?
7
What is the tens digit of 1668726?
2
What is the ten thousands digit of 435439?
3
What is the hundred thousands digit of 4180203?
1
What is the ten thousands digit of 388681?
8
What is the units digit of 1568637?
7
What is the millions digit of 1277119?
1
What is the hundred thousands digit of 14442839?
4
What is the thousands digit of 1167389?
7
What is the hundred thousands digit of 151692?
1
What is the ten thousands digit of 707417?
0
What is the thousands digit of 74721?
4
What is the thousands digit of 11965506?
5
What is the units digit of 32505?
5
What is the thousands digit of 1105073?
5
What is the ten thousands digit of 55347?
5
What is the tens digit of 36035?
3
What is the tens digit of 112290?
9
What is the tens digit of 260920?
2
What is the tens digit of 199455?
5
What is the thousands digit of 3564287?
4
What is the ten thousands digit of 35450?
3
What is the thousands digit of 1222049?
2
What is the thousands digit of 10872075?
2
What is the thousands digit of 328496?
8
What is the thousands digit of 196717?
6
What is the ten thousands digit of 97916?
9
What is the units digit of 8393810?
0
What is the tens digit of 7540310?
1
What is the hundred thousands digit of 836661?
8
What is the hundreds digit of 435906?
9
What is the ten thousands digit of 180999?
8
What is the hundreds digit of 1024848?
8
What is the tens digit of 871218?
1
What is the thousands digit of 1317440?
7
What is the tens digit of 322746?
4
What is the tens digit of 152707?
0
What is the ten thousands digit of 258908?
5
What is the hundred thousands digit of 11902387?
9
What is the tens digit of 983?
8
What is the tens digit of 338515?
1
What is the millions digit of 2060530?
2
What is the ten thousands digit of 152110?
5
What is the units digit of 331133?
3
What is the hundreds digit of 96686?
6
What is the hundreds digit of 11368530?
5
What is the hundreds digit of 734729?
7
What is the thousands digit of 1122494?
2
What is the tens digit of 5902579?
7
What is the units digit of 947748?
8
What is the ten thousands digit of 124556?
2
What is the tens digit of 792105?
0
What is the ten thousands digit of 455656?
5
What is the thousands digit of 5196995?
6
What is the units digit of 435905?
5
What is the units digit of 67619?
9
What is the thousands digit of 239228?
9
What is the hundred thousands digit of 377903?
3
What is the hundred thousands digit of 2550111?
5
What is the units digit of 818738?
8
What is the hundred thousands digit of 148138?
1
What is the ten thousands digit of 453823?
5
What is the tens digit of 16423991?
9
What is the thousands digit of 5610918?
0
What is the thousands digit of 626195?
6
What is the tens digit of 82077?
7
What is the millions digit of 4807251?
4
What is the thousands digit of 292948?
2
What is the hundred thousands digit of 6032435?
0
What is the hundred thousands digit of 297682?
2
What is the units digit of 42798?
8
What is the tens digit of 10093180?
8
What is the units digit of 186611?
1
What is the units digit of 3561081?
1
What is the hundred thousands digit of 8408709?
4
What is the hundreds digit of 10305336?
3
What is the millions digit of 6887453?
6
What is the units digit of 631596?
6
What is the units digit of 222296?
6
What is the hundreds digit of 1352707?
7
What is the ten thousands digit of 384726?
8
What is the thousands digit of 6353094?
3
What is the hundreds digit of 352293?
2
What is the ten thousands digit of 107643?
0
What is the tens digit of 5917655?
5
What is the tens digit of 11673056?
5
What is the tens digit of 969068?
6
What is the hundreds digit of 255998?
9
What is the units digit of 478817?
7
What is the ten thousands digit of 186545?
8
What is the units digit of 1209009?
9
What is the tens digit of 1783428?
2
What is the hundreds digit of 1236898?
8
What is the ten thousands digit of 17327350?
2
What is the hundreds digit of 6558905?
9
What is the millions digit of 2102844?
2
What is the hundreds digit of 11883745?
7
What is the tens digit of 603686?
8
What is the thousands digit of 642013?
2
What is the hundreds digit of 9137899?
8
What is the units digit of 366295?
5
What is the millions digit of 1247023?
1
What is the tens digit of 2139712?
1
What is the tens digit of 211846?
4
What is the ten thousands digit of 655247?
5
What is the tens digit of 4600406?
0
What is the hundred thousands digit of 597312?
5
What is the thousands digit of 1152117?
2
What is the thousands digit of 4055049?
5
What is the millions digit of 1078100?
1
What is the hundreds digit of 5344317?
3
What is the tens digit of 233746?
4
What is the ten millions digit of 34244278?
3
What is the thousands digit of 129546?
9
What is the ten thousands digit of 7998239?
9
What is the tens digit of 440821?
2
What is the millions digit of 26072711?
6
What is the hundreds digit of 4161578?
5
What is the tens digit of 1514637?
3
What is the tens digit of 188518?
1
What is the millions digit of 8438524?
8
What is the thousands digit of 8398497?
8
What is the millions digit of 11138963?
1
What is the hundred thousands digit of 248365?
2
What is the hundred thousands digit of 553896?
5
What is the hundred thousands digit of 8303855?
3
What is the units digit of 608?
8
What is the hundreds digit of 1881810?
8
What is the thousands digit of 275500?
5
What is the tens digit of 32845616?
1
What is the units digit of 412506?
6
What is the hundreds digit of 1010968?
9
What is the thousands digit of 10957620?
7
What is the tens digit of 922060?
6
What is the millions digit of 11661035?
1
What is the hundred thousands digit of 10449221?
4
What is the thousands digit of 1172875?
2
What is the hundreds digit of 92611?
6
What is the units digit of 190152?
2
What is the ten thousands digit of 10467042?
6
What is the hundreds digit of 4667000?
0
What is the ten thousands digit of 2063593?
6
What is the ten thousands digit of 3222512?
2
What is the units digit of 156572?
2
What is the hundreds digit of 18727506?
5
What is the units digit of 628910?
0
What is the thousands digit of 5710056?
0
What is the millions digit of 1524663?
1
What is the ten millions digit of 10181977?
1
What is the tens digit of 479168?
6
What is the millions digit of 2483982?
2
What is the units digit of 2631883?
3
What is the hundred thousands digit of 1967348?
9
What is the units digit of 3089434?
4
What is the millions digit of 2278499?
2
What is the thousands digit of 2250151?
0
What is the ten thousands digit of 8759898?
5
What is the ten thousands digit of 3873516?
7
What is the thousands digit of 14222526?
2
What is the hundreds digit of 85631?
6
What is the thousands digit of 572095?
2
What is the units digit of 3459274?
4
What is the tens digit of 94747?
4
What is the tens digit of 450754?
5
What is the hundr